rs of 144385498.
2, 72192749
List the prime factors of 1370588144.
2, 17, 5038927
List the prime factors of 761117997.
3, 367, 691297
What are the prime factors of 177846219?
3, 193, 34129
What are the prime factors of 172970481?
3, 47, 1226741
List the prime factors of 41687761.
29, 197, 7297
What are the prime factors of 39090434?
2, 29, 101, 6673
List the prime factors of 5865704446.
2, 7, 17, 311, 11321
What are the prime factors of 5522273?
5522273
List the prime factors of 927768389.
22481, 41269
What are the prime factors of 789234930?
2, 3, 5, 11, 797207
What are the prime factors of 910103929?
7, 5413, 24019
List the prime factors of 113285172.
2, 3, 7, 11, 13, 9431
What are the prime factors of 75752477?
75752477
List the prime factors of 215621709.
3, 19, 31, 122027
What are the prime factors of 43593597?
3, 139, 34847
What are the prime factors of 56548033?
149, 191, 1987
List the prime factors of 75465776.
2, 241, 19571
What are the prime factors of 25589225?
5, 23, 191, 233
List the prime factors of 189478105.
5, 827, 45823
List the prime factors of 180196539.
3, 60065513
What are the prime factors of 606868220?
2, 5, 7, 277, 15649
What are the prime factors of 129070199?
857, 150607
What are the prime factors of 441451735?
5, 1601, 55147
What are the prime factors of 5206173196?
2, 7, 185934757
What are the prime factors of 668143989?
3, 347, 213943
List the prime factors of 107743857.
3, 13, 1129, 2447
List the prime factors of 443351975.
5, 11, 1612189
What are the prime factors of 278825327?
11, 59, 61, 7043
List the prime factors of 1928067168.
2, 3, 743, 27031
List the prime factors of 2822599998.
2, 3, 17, 542599
What are the prime factors of 68985980?
2, 5, 7, 492757
List the prime factors of 2454247477.
11, 20283037
What are the prime factors of 154914522?
2, 3, 7, 23, 160367
What are the prime factors of 208303886?
2, 7, 53, 131, 2143
List the prime factors of 85283234.
2, 5009, 8513
What are the prime factors of 15053941?
7, 31, 173, 401
What are the prime factors of 639563?
639563
List the prime factors of 207623113.
207623113
List the prime factors of 209658630.
2, 3, 5, 6988621
What are the prime factors of 146585719?
7, 83, 157, 1607
List the prime factors of 919087573.
1373, 669401
What are the prime factors of 6913929?
3, 11, 19, 11027
What are the prime factors of 173655114?
2, 3, 79, 443, 827
List the prime factors of 272828522.
2, 136414261
List the prime factors of 2876141112.
2, 3, 13, 19, 653, 743
List the prime factors of 1059774817.
1109, 955613
List the prime factors of 518727715.
5, 11, 17, 554789
What are the prime factors of 211590429?
3, 2917, 24179
List the prime factors of 125585068.
2, 7, 67, 66943
List the prime factors of 1747723185.
3, 5, 13, 2987561
List the prime factors of 334943880.
2, 3, 5, 2791199
What are the prime factors of 23694938?
2, 19, 239, 2609
List the prime factors of 94782252.
2, 3, 31, 254791
What are the prime factors of 237777731?
6029, 39439
What are the prime factors of 75663030?
2, 3, 5, 29, 86969
List the prime factors of 2810527.
101, 27827
What are the prime factors of 2862590547?
3, 19997, 47717
List the prime factors of 29356697.
41, 367, 1951
List the prime factors of 3851298.
2, 3, 11, 53, 367
What are the prime factors of 15517396?
2, 17, 228197
What are the prime factors of 890493346?
2, 23, 467, 41453
What are the prime factors of 128546710?
2, 5, 881, 14591
List the prime factors of 651946639.
19, 34312981
What are the prime factors of 46369083?
3, 15456361
List the prime factors of 12772228.
2, 7, 456151
What are the prime factors of 57349524?
2, 3, 19, 251533
List the prime factors of 31775694.
2, 3, 5295949
What are the prime factors of 162458684?
2, 40614671
What are the prime factors of 31212538?
2, 7, 2229467
List the prime factors of 1007879434.
2, 19, 26523143
List the prime factors of 2348717.
7, 47933
List the prime factors of 60605287.
2141, 28307
List the prime factors of 48978096.
2, 3, 571, 1787
What are the prime factors of 512435424?
2, 3, 2203, 2423
What are the prime factors of 1175602629?
3, 391867543
List the prime factors of 70825680.
2, 3, 5, 98369
List the prime factors of 46054542.
2, 3, 83, 92479
What are the prime factors of 3035899543?
37, 4007, 20477
List the prime factors of 11283156.
2, 3, 23, 13627
List the prime factors of 1861096500.
2, 3, 5, 45953
What are the prime factors of 2965696605?
3, 5, 19, 1156217
List the prime factors of 172381042.
2, 71, 1213951
List the prime factors of 500760244.
2, 383, 326867
List the prime factors of 31999952.
2, 19, 105263
What are the prime factors of 63576736?
2, 17, 19, 6151
What are the prime factors of 2589554659?
23, 112589333
List the prime factors of 56207096.
2, 11, 638717
List the prime factors of 2474585793.
3, 167, 227, 7253
What are the prime factors of 13301724?
2, 3, 1108477
What are the prime factors of 174316475?
5, 6972659
What are the prime factors of 45253021?
11, 29, 127, 1117
List the prime factors of 24605529.
3, 13, 630911
List the prime factors of 157775204.
2, 59, 668539
List the prime factors of 352757991.
3, 59, 1992983
What are the prime factors of 52169386?
2, 26084693
List the prime factors of 14493928.
2, 17, 6269
What are the prime factors of 272898267?
3, 90966089
List the prime factors of 302167218.
2, 3, 50361203
What are the prime factors of 261897778?
2, 43, 3045323
List the prime factors of 365105849.
365105849
What are the prime factors of 618668920?
2, 5, 397, 38959
List the prime factors of 932121614.
2, 466060807
What are the prime factors of 373821954?
2, 3, 11, 5663969
What are the prime factors of 70270596?
2, 3, 11, 29, 211
What are the prime factors of 603150705?
3, 5, 1489261
List the prime factors of 66609052.
2, 811, 20533
What are the prime factors of 6952197?
3, 7, 43, 7699
List the prime factors of 10763105.
5, 2152621
List the prime factors of 2576905828.
2, 7, 971, 94781
List the prime factors of 1220380001.
29, 42082069
List the prime factors of 2620426467.
3, 1889, 462401
List the prime factors of 38957246.
2, 19478623
List the prime factors of 42676098.
2, 3, 7112683
List the prime factors of 18541267.
1553, 11939
What are the prime factors of 1133124696?
2, 3, 11, 1430713
List the prime factors of 3476311133.
3476311133
What are the prime factors of 1368106875?
3, 5, 17, 19, 251
What are the prime factors of 5414575?
5, 109, 1987
What are the prime factors of 269314720?
2, 5, 107, 15731
List the prime factors of 1240852927.
1240852927
What are the prime factors of 451620420?
2, 3, 5, 53, 142019
List the prime factors of 72511505.
5, 11, 19, 69389
List the prime factors of 35464209.
3, 11, 1074673
What are the prime factors of 1140408336?
2, 3, 73, 325459
What are the prime factors of 744207454?
2, 29, 2711, 4733
List the prime factors of 27444382.
2, 7, 23, 29, 2939
List the prime factors of 20614713.
3, 7, 981653
List the prime factors of 28518194.
2, 29, 37, 97, 137
List the prime factors of 2997435461.
17, 257, 40357
What are the prime factors of 2993465193?
3, 21977, 45403
What are the prime factors of 146943899?
29, 601, 8431
What are the prime factors of 121345233?
3, 2153, 18787
What are the prime factors of 405373956?
2, 3, 13, 877, 2963
What are the prime factors of 10852877?
7, 37, 41903
List the prime factors of 189543441.
3, 43, 787, 1867
List the prime factors of 545584676.
2, 7, 13, 109, 13751
List the prime factors of 280440108.
2, 3, 13, 599231
List the prime factors of 73707646.
2, 31, 751, 1583
List the prime factors of 150975928.
2, 131, 144061
List the prime factors of 5098291707.
3, 1699430569
List the prime factors of 226575598.
2, 211, 536909
What are the prime factors of 736736413?
7, 15035437
List the prime factors of 497764007.
13, 38289539
What are the prime factors of 674578348?
2, 89, 1894883
What are the prime factors of 34805122?
2, 11, 827, 1913
List the prime factors of 387375302.
2, 193687651
What are the prime factors of 135874684?
2, 11, 3088061
List the prime factors of 674516485.
5, 863, 156319
What are the prime factors of 393295699?
23, 347, 49279
List the prime factors of 247009139.
13, 19, 1000037
What are the prime factors of 1453961455?
5, 53, 197, 27851
What are the prime factors of 1